at is the highest common divisor of k and w?
7
Let o(i) = -i**2 + 18*i + 32. Let g be o(-2). Let p be (6/g)/(1/(-36)). Calculate the highest common factor of p and 432.
27
Let d = 135 + 4164. Suppose -10*i + d + 601 = 0. Calculate the highest common factor of i and 70.
70
Suppose 1133 + 4012 = 91*p + 252*p. Let y(r) = 3*r**3 + 2*r**2 + r + 5. Let f be y(5). What is the greatest common divisor of f and p?
15
Let k be 104/10 - 3/(-5). Let a(i) = i**2 + 5*i + 36. Let o be a(k). Calculate the greatest common factor of o and 53.
53
Let i = -22 + 24. Let h be (-5 - i/8)*(0 - 4). What is the greatest common factor of 27 and h?
3
Let q = 8597 + -7547. Calculate the highest common divisor of q and 84.
42
Suppose -12*f + 112 = 232. Let b be ((-11)/((-165)/f))/((-6)/108). What is the greatest common factor of 876 and b?
12
Let z(o) = 21*o - 19. Let p(w) = 3*w - 1. Let i(k) = -6*p(k) + z(k). Let r be i(7). What is the greatest common divisor of r and 72?
8
Let o = -103 + 112. Suppose 0 = -5*n - 5*k + 45, -2*k + o = k. Let j be ((-5)/(-15))/(1/18). What is the highest common divisor of j and n?
6
Let j be 666 - 3/(4 - 8 - -3). Let b = j + -171. Suppose b = 13*z - 3363. Calculate the highest common divisor of 27 and z.
27
Suppose 5956*a - 99 = 5947*a. Let c(k) = 3*k**2 - 10*k - 6. Let i be c(4). What is the greatest common divisor of i and a?
1
Suppose -11084 = -81*j + 87574. Calculate the highest common factor of 5075 and j.
203
Let x = 293 + -174. Let m be (-7)/(4/(-10)*(-25)/(-10)). What is the greatest common divisor of m and x?
7
Let v(a) = -2*a**3 - 154*a**2 + 75*a + 183. Let r be v(-78). What is the greatest common factor of 66 and r?
33
Suppose -5*n = -2*a + 35, 0 = -4*a + 5*n - 2*n + 35. Suppose -a*f = -6*f - v + 454, 4*v - 1360 = -3*f. What is the greatest common factor of f and 6?
6
Let x be -2 + (-4)/(-3) - 162877/(-663). What is the greatest common factor of 35 and x?
35
Suppose -658 = -3*j - 13. Let i = -156 + j. What is the highest common divisor of 1 and i?
1
Let f = -361 + 433. Calculate the highest common factor of f and 180.
36
Let x(k) = k**3 - 9*k**2 - 5*k - 10. Let u be x(10). Suppose -40 = -5*z - m, -2*m = 6*z - 10*z + 32. What is the highest common divisor of z and u?
8
Let t be 393346/3521 + (-2)/(-14)*2. Calculate the highest common factor of 352 and t.
16
Let x be 21/(1/12*9). Let z(y) = 20*y - 44. Let p = 25 + -13. Let l be z(p). What is the greatest common factor of x and l?
28
Let w(l) = -l**2 + 15*l + 1. Let s be w(6). Let f be (-4)/(-18) - (-280)/(-126). Let h be 5/(-1 - f) + 0. What is the highest common factor of s and h?
5
Let o be 5540 - (6 + -6 + 4). Suppose 0 = -7*k + 3627 + o. Suppose k - 49 = 12*u. What is the highest common divisor of u and 15?
15
Suppose -33*a - 6074 = 4882. Let m = a - -425. What is the greatest common divisor of m and 124?
31
Let y(o) = -39*o - 36. Let r be y(-3). Suppose 104 = -r*g + 94*g. What is the greatest common factor of 64 and g?
8
Let q = -2402 + 2492. What is the highest common divisor of q and 4392?
18
Let a(b) = b**3 + 11*b**2 - 61*b - 15. Let z be a(-15). Suppose z = 6*q - 63 + 15. Suppose -y = -1 - 1. What is the highest common divisor of y and q?
2
Let w(d) = 4*d**2 + 6*d - 6. Let y be w(-5). Suppose p + 20 = y. Suppose 2 = -2*k, -g = 62*k - 59*k - 1. What is the highest common factor of p and g?
4
Let m = -497 - -523. Suppose -4*t + 13230 = m*t. Calculate the greatest common factor of 49 and t.
49
Let k be 14/(-77) - 666/(-33). Suppose -5*z + 40 + k = 0. Suppose 0 = -9*q + 219 - z. Calculate the highest common factor of 230 and q.
23
Suppose 55 = -3*h - 8*h. Let j be ((-330)/25)/3*h. Calculate the highest common factor of j and 242.
22
Suppose 3*c + l = 98, -5*c = 9*l - 8*l - 164. What is the highest common factor of 30 and c?
3
Suppose -2*k + 30 = -20. Let d be 25/((2/(-10))/(128/(-80))). Calculate the highest common factor of d and k.
25
Suppose 4*k + 5*o = 35, -5*k + 4*k - o + 8 = 0. Suppose k*b = -b + 24. What is the highest common divisor of 78 and b?
2
Suppose -2*p + 60 = -2*r + 4*r, 2*r = 4*p + 60. Suppose 5*w + 3 = -f, 6*w - 4*w = f - 25. Suppose 2*i - f = 43. What is the greatest common divisor of r and i?
30
Let w(j) be the second derivative of j**4/12 + 13*j**3/3 - 7*j**2/2 - 57*j. Let c be w(9). Calculate the highest common divisor of 28 and c.
28
Let a = -7142 - -7212. What is the highest common divisor of 1526 and a?
14
Suppose 5*y - 2*b - 328 = -49, 226 = 4*y - 2*b. Calculate the greatest common factor of 19557 and y.
53
Let v(n) = -n**3 + 14*n**2 - 23*n - 10. Let d be v(12). Suppose -4*m - 72 = x, -d = -4*m + 2. Let w = x - -79. What is the highest common divisor of w and 1?
1
Let r(g) = -g**2 - g + 30. Let x be r(0). Suppose 2*i + 143*p - 125 = 138*p, -5*p = -i + 85. What is the highest common factor of i and x?
10
Let p = 349 - -2. Let z = -527 + 540. Calculate the greatest common factor of p and z.
13
Let z(y) = -y**2 - 191*y + 6398. Let r be z(29). Let j(l) = 58*l**2 - 2*l - 2. Let w be j(-5). What is the greatest common factor of w and r?
18
Let c be -31*((-6)/4 + (-2)/4). Suppose -2*f - 58 + c = 0. Suppose 0 = k - 3*v - 43 - 42, -f*k = -v - 195. What is the highest common factor of k and 25?
25
Let o(b) = -4*b - 4. Let v be o(-2). Suppose 23 = v*l - 3*u, l + 3*u = -2*u. Suppose 10 = l*h - 30. What is the highest common factor of 12 and h?
4
Suppose 0 = 2*x - 55*c + 50*c - 132, 4*x + c = 330. Calculate the greatest common factor of 297 and x.
27
Suppose 7*x - 5*x = -28. Let s be 2/x - 127/(-7). Let u(f) = 2*f**3 - 16*f - 1. Let q be u(4). What is the greatest common factor of s and q?
9
Let g = -8314 - -8614. What is the greatest common factor of g and 975?
75
Suppose 60 = 16*l - 340. Let c be (-17986)/8 - (-6)/24. Let q be c/(-10) - 8/(-40). Calculate the greatest common divisor of q and l.
25
Suppose -8*n + 69 = 29. Let r be 2 - (-8 - (-13 + n)). What is the greatest common factor of r and 74?
2
Suppose 0 = -2*o - 5*p + 1722, 4*o - 3*p + 913 = 4409. What is the highest common divisor of o and 78?
13
Let j be 20*1/5 + 375 + -1. Suppose 0 = -r - 307 + j. Calculate the highest common divisor of 142 and r.
71
Suppose -4*i = 2*z - 58, -3*z - 2*i = -55 - 16. Let k be (0 + (-4)/(112/(-21)))*8. Calculate the highest common factor of z and k.
3
Let d be ((0 + 3)*(-30)/(-8))/(1683/8976). Calculate the highest common divisor of 87 and d.
3
Suppose -5*j = 3*y - 52, -3*y - 20 = 3*j - 50. Let w = -540 - -556. Let t = j + w. What is the greatest common divisor of t and 216?
27
Let z(i) = -i**3 - 38*i**2 - 226*i + 135. Let f be z(-42). Calculate the greatest common factor of f and 201.
201
Let h(k) = 11*k + 26. Let b be h(-5). Let s = b + 59. Calculate the highest common factor of s and 2.
2
Let j be (15 - -2 - 0)*1. Let a be (1477 - (-33 + 31))*(1 + -2)/(-3). What is the greatest common divisor of j and a?
17
Suppose -4*a = a - 5*x - 30, -4*a + 22 = -2*x. Let t be 18/a*(-400)/(-12). What is the greatest common divisor of t and 96?
24
Let r(y) = -358*y + 1830. Let n be r(5). What is the greatest common divisor of 2180 and n?
20
Let c = 85 + -71. Suppose -4*u + 26 = -3*k + 44, 0 = -k + 2*u + 8. What is the highest common factor of k and c?
2
Let f be 518/10 + 64/20 + -3. Suppose -f = -237*z + 235*z. What is the greatest common factor of 26 and z?
26
Let h be 3 - ((-2652)/12 + 5). Calculate the greatest common divisor of 146 and h.
73
Let y(p) = -746*p + 32099. Let n be y(43). Suppose -5*x - 49 = -884. Let l be x - -1*(1 + 0). Calculate the greatest common divisor of n and l.
21
Suppose u - 19 = 5*j, 105*u + 2*j = 104*u + 40. Calculate the greatest common divisor of u and 1802.
34
Let f(g) = 4*g - 89. Let z be f(23). Suppose 9*a - 4*a - 439 = -4*u, z*u + 3*a = 333. Calculate the greatest common divisor of 4 and u.
4
Suppose 4*y - 190 = -2*n, 145 = -4*y + 4*n + 293. Calculate the highest common divisor of y and 12892.
44
Let y = 385 - 355. Let p(j) = j**2 + 6*j - 7. Let q be p(-14). Calculate the greatest common divisor of y and q.
15
Let x = 17 - 15. Suppose d - x*v = 2*d - 7, 0 = 3*d + v - 16. Suppose 14 = d*l - 1. Calculate the greatest common divisor of 24 and l.
3
Let f(s) = 31*s + 92. Let o be f(15). Suppose -325 - o = -21*l. Calculate the highest common divisor of 6